 + 8063 + f. Is u a prime number?
False
Suppose -2*t = -91*r + 86*r + 476555, -2*r - 5*t + 190622 = 0. Is r composite?
False
Let d(t) = t**3 - 6*t**2 - 7*t - 6. Let f be d(7). Let i be (-4515)/f*(3 - 4 - 3). Is 2/(-6) - i/21 a prime number?
False
Let o = 144 + -9. Let m = -134 + o. Is (m/(-3))/(1/(-993)) prime?
True
Let v = 16106 + 10901. Is v a prime number?
False
Let n be (-2)/22 + 273/(-143). Is (-68838)/(-8) + n + (-9)/(-4) a prime number?
False
Is ((-2292320)/6 - -2)*(23 + 196/(-8)) a prime number?
False
Let v(z) = 7*z**2 - 90*z - 79. Let b be v(-51). Suppose 35375 = 5*n - 5*t - 21445, -2*n + b = -4*t. Is n composite?
False
Let i be (-139 - 2)/3*-1. Let n = i - 51. Is 7 + 116 - (0 - n) a prime number?
False
Let g = -28611 - -32800. Is g a prime number?
False
Suppose 16*i - 341234 - 229790 = 0. Is i a prime number?
False
Suppose -5*c + 2*r - 36077 = 0, 5*c - 3503 + 39579 = r. Let w = 2078 - c. Is w a composite number?
False
Let q(m) = -m**3 - 2*m**2 - 2*m + 4. Let p be q(0). Let d(n) = -2*n + p + 3*n**2 + 5*n + n + 12*n**2. Is d(7) a prime number?
False
Suppose -9*r = 2*z - 4*r - 100384, 4*z = 2*r + 200840. Is z a prime number?
True
Let j(h) = -h + 2. Let x(s) = -97*s + 105. Let m(f) = -4*j(f) - x(f). Is m(6) a prime number?
False
Suppose 0 = -7*h + 11*h, 0 = 2*o + 2*h + 20. Let x(b) = -284*b - 337. Is x(o) composite?
False
Let o(n) = -n**2 - 4*n - 9. Let c be o(-3). Let z(i) = -326*i + 17. Is z(c) a composite number?
False
Suppose 9*o = 7*o + 8*o. Suppose 80 + 89 = l - 2*j, -3*j - 12 = o. Is l prime?
False
Let x = 18628 + -11155. Let j = x - 1036. Is j a composite number?
True
Let w = -227968 - -623921. Is w prime?
True
Suppose 6710 = d + 4*d. Let w = 124 - 119. Suppose -3*f + 3*y = 2*y - 4042, w*y - d = -f. Is f a composite number?
True
Let s be (-33)/(-15) - 5/25. Let v(t) = 54*t**2 + 2. Let r be v(s). Suppose 0*p - r = -p. Is p prime?
False
Suppose 5*h - 11 = -26. Let q be (-1 + 2/4)*30/h. Let o(k) = 5*k**3 + 5*k**2 - 2*k - 3. Is o(q) prime?
False
Let z(u) = -8813*u**3 + 2*u**2 - 42*u - 143. Is z(-4) prime?
True
Suppose 20*w = 26*w - 1764. Is (1/(2/(-3)))/(w/(-2288692)) a composite number?
False
Suppose -3*v + 1054400 - 345611 = 0. Is v a composite number?
True
Suppose -6655 + 18499 = 2*v. Let h = -1139 + v. Is h prime?
True
Let l(m) be the third derivative of 11*m**6/20 - m**5/20 + m**4/24 + m**3/6 - m**2. Suppose 0 = -62*x + 58*x + 8. Is l(x) a prime number?
False
Is (2 - (-129162)/(-4))/((-28)/(735 + -7)) prime?
False
Suppose -208*l = -201*l - 1448783. Is l a prime number?
False
Suppose -4794593 = -4*o - 5*k, -3*o + 4488209 = 3*k + 892259. Is o composite?
True
Suppose -40*b + 26*b - 7*b = -5472831. Is b prime?
False
Let j = -257 + 261. Is j*5/(-90) + (-9785)/(-9) composite?
False
Is 35186 + 7 + (32/(-24))/((-4)/24) a prime number?
True
Let x(w) = 562*w**2 - 77*w + 23. Is x(14) a composite number?
False
Let y = 17 - 481. Let g = y - -184. Let o = g + 471. Is o prime?
True
Suppose 3*p - 7 = -5*w, 0 = -p - 2*w - 1 + 3. Suppose -p*y = 5*a - 105841, 9*a - 10*a = -y + 26458. Is y a prime number?
True
Suppose -91425 = -n - 4*y, -5*n + 457093 = -620*y + 624*y. Is n a prime number?
False
Let t(s) = -576*s + 247. Is t(-12) a prime number?
True
Suppose -3*u = 84 - 306. Let h = u + -74. Suppose -380 = -3*p - l, h*p + 506 = 4*p + 2*l. Is p prime?
True
Let a(l) = -30*l**3 - 4*l**2 + 101*l. Is a(-17) a prime number?
False
Is (-187 - -179)*23593/(-4) prime?
False
Suppose 3576 = -5*m + 40046. Suppose 0 = 5*p + 2*b - 3*b - m, -5*p = -3*b - 7292. Is p a prime number?
True
Let g(o) be the first derivative of 248*o**3/3 - 5*o**2/2 - 4*o + 1. Let m = 7675 + -7678. Is g(m) a prime number?
True
Let u = 44 - 16. Let j = -33 + u. Is 2/6*(344 + j) a prime number?
True
Suppose 12 = -p + 4*p, -8*p = v - 32341. Is v a prime number?
True
Let x = 20543 - 12998. Let g = 11254 - x. Is g a prime number?
True
Let o(p) = -4*p**3 - 2*p**2 - 3*p - 2. Let x be o(-1). Suppose 1214 = -6*t - 1282. Is 0/(-4) + x - t composite?
False
Let n(k) = k + 14. Let t be n(-8). Suppose 12 - t = d. Suppose -d*g + 5362 = -4*g. Is g a composite number?
True
Suppose -4*z = -25*z + 63. Suppose 8*o - 3730 = z*o. Is o prime?
False
Suppose -3*h + 4*h + 15*h = 0. Suppose h = p - 16*p + 5955. Is p a prime number?
True
Suppose 3*k + 0*k = 2*v - 4575, -3*k + 3*v - 4575 = 0. Let j = 1591 - -563. Let f = j + k. Is f a prime number?
False
Let p(d) = 1769*d**2 + 23*d + 107. Is p(-4) prime?
True
Let v = -221818 + 136817. Is ((-1)/(-1))/(-3 + (-255010)/v) composite?
False
Suppose 0 = -k + 2, -2*t = -4*k - 921 - 1143. Suppose 0 = 7*b - 215 - 1822. Let o = t - b. Is o a composite number?
True
Suppose -5*n = -15*n - 120. Let q be (-2)/(3/n*0 + -1). Suppose 7*y - 3*y - 2328 = q*w, 4*w - 1174 = -2*y. Is y composite?
True
Let k = 55259 + -7578. Is k composite?
False
Suppose 0 = t + 2*c, 5*c - 2 - 3 = -5*t. Suppose -5*v + 2434 = t*w - 4371, 2*v + 2*w - 2722 = 0. Is v a composite number?
False
Suppose -4554 = 2*l - 0*l. Let t be 351/(-468) + (-12875)/(-4). Let u = t + l. Is u composite?
False
Suppose -5*c = 14756 - 5216. Let r = c + 3587. Is r composite?
True
Let i(v) = 1700*v - 59. Is i(5) a prime number?
False
Let t(j) = 1006*j**2 - 1428*j - 6. Is t(14) prime?
False
Suppose 5*z = h + 15, -17 - 16 = -2*z - 5*h. Suppose a = -2*g + z, -6*g = -3*a - 3*g + 3. Suppose m + 4*m - 849 = -a*w, 4*w - 1709 = m. Is w prime?
False
Let g = 1389 - 162. Is g prime?
False
Let r = -1053511 + 1524356. Is r a composite number?
True
Let q(b) = 229*b**2 + 31*b + 132. Let c be q(-18). Suppose -15*w + 30*w = c. Is w prime?
False
Suppose 0 = 5*u - 4*c - 7360, -5*c = u - 778 - 723. Let q = -409 + u. Is q a composite number?
True
Let a(c) = -814382*c**3 - 5*c**2 + 51*c + 53. Is a(-1) prime?
True
Suppose 5*x + 1932 = m + 6*x, -4*m - 2*x + 7724 = 0. Let d = m - 843. Is d a composite number?
False
Let j be 1/(-5) - 7/15*21. Is (-1890)/(-4) + (-5)/j prime?
False
Let m = 25 - 14. Suppose 0 = -m*k + 10*k - 1. Is (k/(-2))/((-24)/(-317136)) prime?
True
Let n = -343225 - -727812. Is n prime?
False
Suppose 3*y = 4*z - 31406, -9*y + 7861 = z - 5*y. Is z a prime number?
True
Suppose 0 = 4*f - 5*v - 1073231, -1982*v + 2 = -1980*v. Is f composite?
True
Let j be 10/15 + 20/6. Suppose -2*c - 3*z - 102 + 308 = 0, j*c - 400 = -3*z. Suppose u = b - u - c, -3*u - 99 = -b. Is b a composite number?
True
Suppose -z - 8 = -4. Is ((-10334)/z + 0)*2 a composite number?
False
Let j be (-5165)/15*-51 + -7. Let h = j - 9915. Is h a composite number?
False
Let o be (-3 - 145/(-25))/(4/(-20)). Let q(v) be the first derivative of -31*v**2/2 + 9*v - 1. Is q(o) a prime number?
True
Let a(u) = -97*u - 17. Let t be (-7)/2*(5 - 3). Let m be a(t). Suppose 4*o - m = -3*p + 971, 2*p - 1225 = -3*o. Is o prime?
True
Suppose -5*w - 9 = -2*x, w + 0*x - 2*x = -5. Let h be (-1 + 1*-620)*w. Let m = 1388 - h. Is m a prime number?
False
Let o(q) = -8*q - 8. Let m be o(-12). Let u = m - 86. Let p(s) = 436*s + 5. Is p(u) composite?
False
Let b be (-2)/(-6) - (-4)/(-12). Let q be (b + -12)*21/(-9). Let t = 177 - q. Is t a composite number?
False
Let s(a) = -a**3 + a**2 + 79. Suppose -2*d + 2 = -4. Suppose 5 = 5*c + j, -2*j = d*c - 3*j + 5. Is s(c) a prime number?
True
Suppose -5*a = -7 + 17. Is (-71163)/(-21) + -4*a/28 composite?
False
Suppose 0 = -11*s + 9*s + 1254. Let k = -432 + s. Let u = 289 - k. Is u prime?
False
Let l = 701 - 241. Let w = 33 + l. Let u = 64 + w. Is u a composite number?
False
Let h be 3 - (-11614)/8 - (-3)/12. Let s = 2816 - h. Is s composite?
False
Suppose 2*a - 10561 = -3*y + 38306, -y = 5. Is a composite?
True
Let b(r) = -630*r + 71. Let t be b(-3). Suppose 12*p + t = 20309. Is p prime?
False
Let u(x) = 243*x + 51. Let g be u(-17). Let d = -2285 - g. Is d a prime number?
False
Is ((-325241)/7)/(72/(-88) - (-8)/(-44)) prime?
False
Is 1870314/(-92)*4/(-2) prime?
False
Let j(t) = -7705*t + 49. Let l be j(-8). Suppose 0 = -18*f + l - 1677. Is f a composite number?
True
Suppose 4*y + 37 = -0*l - 5*l, -40 = 5*l + 5*y. Let u(n) = 345*n**2 + 20*n + 20. Is u(l) composite?
True
Let w = -6 + 13. Suppose 14766 = -w*z - 4519. Let c = -1568 - z. Is c composite?
False
Suppose -11*s - 4*s - 15150 = 0. Suppose 3*h + 4*l - 1413 = 0, 2*l - 161 = -3*h + 1252. Let u = h - s. Is